6 + 13?
10
Let c = 908 + -864. Suppose -4*d + 25 + c = 5*g, -24 = -2*g + 2*d. Calculate the remainder when 21 is divided by g.
8
Let f(u) = 6*u**2 - 195*u - 592. Let i = 20 + -29. What is the remainder when f(-3) is divided by (6/i)/((-4)/150)?
22
Suppose 0 = b - 0 - 18. Let j(p) be the second derivative of -p**4/12 + 25*p**3/6 - 32*p**2 + 4*p + 5. What is the remainder when j(6) is divided by b?
14
Let w(t) = 2*t**2 + 7*t - 2. Suppose -2*c = -0*c + 12. Suppose 60*s - 4792 + 2364 = 2552. Calculate the remainder when s is divided by w(c).
27
Suppose 16*u - 3*u = -130. Calculate the remainder when 261 is divided by (-264)/u*40/16.
63
Suppose 0 = 4195*j - 4186*j - 1134. Calculate the remainder when j is divided by 44.
38
Let l be (-28)/6*(-12)/14. Suppose -2*u - u + 6 = 0, l*u + 437 = 5*i. Calculate the remainder when i is divided by 38.
13
Let w = -39 + 56. Let z be 97 + (3/5 - 42/(-30)). Suppose -102*i = -103*i + z. What is the remainder when i is divided by w?
14
Let m = -235 - -929. Suppose -263 = -11*y + m. Suppose -3*k + 4*j + 53 = 0, -62 = -2*k + 3*j - 7*j. What is the remainder when y is divided by k?
18
Let y(v) = 102*v**2 + 3*v + 3. Let o be y(-1). Let q = 110 - o. What is the remainder when 25 is divided by q?
1
Suppose -2*t + 4*j - 244 = 0, -j = 4*j + 10. Let d = t - -228. Suppose 6*s - d = 6. Calculate the remainder when 87 is divided by s.
15
Let o = -1671 - -1064. Let k = -578 - o. Calculate the remainder when 82 is divided by k.
24
Suppose -339 - 207 = -21*x. What is the remainder when 1417 is divided by x?
13
Let v = 1064 - 128. What is the remainder when v is divided by 42?
12
Let r = 59 - 38. Suppose 86 - 65 = 3*h. Suppose -4*p + h*p = -3*o + 45, -4*o + 72 = 5*p. Calculate the remainder when r is divided by p.
9
Let v be -10*(13/(-2) + 4). Suppose v + 135 = 5*j. Suppose -2*d = -22 - j. Calculate the remainder when 76 is divided by d.
22
Suppose 0 = m + j + 343, -3*j = 3 - 6. Let p = 370 + m. Calculate the remainder when 438 is divided by p.
22
Suppose 4*p - 4*k = 100, 0 = -2*p + 3*k - 8*k + 64. Suppose 1641 - 361 = 8*h. Calculate the remainder when h is divided by p.
25
Let m = -148 + 363. Let j = 369 - m. What is the remainder when j is divided by 26?
24
Let n = -169 - -46. Let j = n + 157. Calculate the remainder when j is divided by 22.
12
Let t = -1558 - -13217. Calculate the remainder when t is divided by 98.
95
Let a(w) = -53*w + 1. Let o be a(1). Let q = 63 + o. What is the remainder when 30 is divided by q?
8
Suppose -8*j + 12*j = 0. Suppose n - 11 = -5*y + 14, -5*y + 4*n = j. What is the remainder when 28 is divided by y?
0
Suppose 4*x = -h + 5 - 2, -2*h + 2*x = -36. Suppose t + 28 + h = w, t - 35 = -w. What is the remainder when w is divided by ((-2)/(-3))/((-23)/(5313/(-22)))?
4
Let d(v) = v**3 + 6*v**2 + 3*v + 6. Let g be d(-3). Suppose 0 = 4*y - 2*z + g, 2*z = 2*y - z + 12. What is the remainder when (4 + 357/y)*-2 is divided by 38?
35
Suppose -4*l + 22 = 3*m - 43, -3*m - 55 = -2*l. Suppose 0 = -l*x + 27 + 173. Calculate the remainder when 158 is divided by x.
8
Suppose 5*g - 2*i + 459 = 0, 3*g + 5*i + 276 = 6*i. Let y = 105 + g. Calculate the remainder when 20 is divided by y.
8
Suppose -25*t + 26*t - 106 = 0. Suppose 0 = -5*o + 3*x + 507, -t + 597 = 5*o + x. What is the remainder when o is divided by 52?
47
Suppose -212 = 31*c + 36*c - 13746. Calculate the remainder when 3229 is divided by c.
199
Let t = -32387 + 32613. Calculate the remainder when 683 is divided by t.
5
Suppose -5*q = -5*i + 6340, -q - 1286 = 5*i - 7632. Calculate the remainder when i is divided by 128.
117
Suppose 6*s = -21*s. Suppose s = b + 2*b - 171. Calculate the remainder when 169 is divided by b.
55
Suppose 3*h = 8*f + 18, 3*f - 296 + 278 = -3*h. What is the remainder when 761 is divided by h?
5
Let t(c) be the first derivative of -9*c**4/4 + c**3 + 7*c**2/2 + 6*c - 33. Suppose 0 = -5*s + 13 + 87. Calculate the remainder when t(-2) is divided by s.
16
Let a(w) = -2*w**2 - 39*w + 13. Let x be a(-19). Suppose 0 = x*j - 36*j + 32. Calculate the remainder when ((-7)/((-7)/j))/(4/14) is divided by 12.
4
Let d = 366 - 192. Let x = d - 121. Calculate the remainder when x is divided by 9.
8
Suppose -358 = -15*z + 1667. Suppose 2*n - 6*n = -88. What is the remainder when 4 + -5 + z - 4 is divided by n?
20
Let t = 19511 - 19507. Calculate the remainder when 1214 is divided by t.
2
Let q = -28350 + 30093. Calculate the remainder when 5234 is divided by q.
5
Suppose -5*d + 118 = 3. Suppose -4*j - 40*r + 42*r = -228, -r = 0. Suppose j*v - 61*v = -168. What is the remainder when v is divided by d?
19
Suppose -19891 = -32*b - 18419. What is the remainder when 6024 is divided by b?
44
Suppose -2*h = 5*d - 90, 5*d = -5*h + 261 - 36. Let q = -73 + 141. What is the remainder when q is divided by (7/(-4))/((h/(-20))/9)?
5
Let b = -623 - -611. What is the remainder when 3/b*(-1 + -547) is divided by 30?
17
Let v = -113 - -116. Suppose -3*z + 606 = -v*n, 2*z = 5*z + 2*n - 591. Calculate the remainder when z is divided by 50.
49
Let i = 750 + -680. Let v(k) be the first derivative of -k**4/4 + 10*k**3/3 - 2*k**2 - 21*k + 7. What is the remainder when i is divided by v(9)?
22
Suppose 61 = 4*j + 77. Let g be 20/(-6)*(4/(-4) - j). What is the remainder when (-1236)/(-15) + -2 + (-6)/g is divided by 28?
25
Let k = 19 + -16. Suppose -98 = k*z - 4*z. Suppose 0 = j - 26*j - 2*j + 243. Calculate the remainder when z is divided by j.
8
Let n = 110 + -110. Suppose p - 19 - 7 = n. Let x = p - 11. Calculate the remainder when 38 is divided by x.
8
What is the remainder when ((-2344971)/(-376))/((-9)/(-3)) - (-2)/16 is divided by 16?
15
Calculate the remainder when 20878 is divided by (666/(-2960))/((-6)/(-10)) - (-99)/8.
10
Let o(c) = c - c + 4*c - 47 - 59 + 16. Calculate the remainder when 40 is divided by o(24).
4
Calculate the remainder when 1416 is divided by (496/(-20))/(1/(-15)*6).
52
Suppose -421 - 321 - 441 = -13*h. What is the remainder when 252 is divided by h?
70
Let a = 172 - 364. Let q = a + 204. Let k(t) = t**3 - 4*t**2 + 2*t + 5. Calculate the remainder when k(5) is divided by q.
4
Let w(z) = 2*z**2 - z - 7. Let u be w(-2). What is the remainder when -46*(21/(-6) + u) is divided by (-6)/(1/2 - 1)?
11
What is the remainder when 39 is divided by ((-400)/24)/10*36/(-20)?
0
Let x = 35 - 20. Suppose 0 = -3*i + b + x, 3*b = -4*i - 2*b + 1. Suppose i*w - 27 = -7. Calculate the remainder when 22 is divided by w.
2
Suppose 28*w = -3730 + 37022. Calculate the remainder when w is divided by 233.
24
Suppose 664 = 5*b - 3966. Suppose 0 = 5*w - 4*d - b, -w + 3*d = -d - 198. What is the remainder when w is divided by 50?
32
Let f = 3741 + -3114. Calculate the remainder when f is divided by 61.
17
Suppose l - 32 + 33 = 0. What is the remainder when (-7 + (-4 - -8))/(l/37) is divided by 13?
7
Let b = 230 - 473. Let y = -26 - b. What is the remainder when y is divided by 44?
41
Let v(m) = -3*m + 12. Let o be v(12). What is the remainder when 214 is divided by ((-162)/o)/9 + 105/4?
25
What is the remainder when 4119 is divided by -4 + (-528)/(-136) + 7008/34?
205
Suppose -695872 = 55*m - 119*m. Calculate the remainder when m is divided by 29.
27
Let b(q) = 2288*q - 50145. Let w = 0 - -2. Suppose 2*y - r - r = 28, -w*y + r = -29. Calculate the remainder when b(22) is divided by y.
11
Let o be ((-239)/4)/(17/136). Let j = 507 + o. Calculate the remainder when 252 is divided by j.
20
Let z(m) = -53 - 46 + 14*m**2 + 2*m**3 - 10*m + 83. Suppose -s = -2*b - 2*b - 32, -b = 5*s - 76. What is the remainder when z(-7) is divided by s?
6
Let z = -2631 + 2635. Let s(g) = -g**3 - 4*g**2 + 2. What is the remainder when s(-5) is divided by z?
3
Let s = 84 + -90. Calculate the remainder when (2 - 1) + 252/6 is divided by -10*(3/(-4))/((-9)/s).
3
Let j(y) = 2*y**2 + 5*y + 25. Let z be j(-12). Let k = z + -223. What is the remainder when 267 is divided by k?
27
Suppose 105*s + 4624 - 655 = 114*s. Calculate the remainder when s is divided by 34.
33
Let q(w) = w**3 + 21*w**2 + 15*w - 428. What is the remainder when 969 is divided by q(-19)?
6
Let x = 151 + -79. What is the remainder when x is divided by (12/(-8))/(22/(-220))?
12
Let v(l) = l**3 - 2*l**2 - 9*l - 17. Let p be v(7). Calculate t